 Let i be ((-4)/(-5))/(3/15). Suppose 0 = -9*t + i*t - 15. What are the prime factors of m(t)?
11
Let g = 18 + -1. Suppose -4*u + 51 + g = 0. What are the prime factors of u?
17
Suppose 0 = 5*g - 5. Let l = 3 + g. Suppose n - 2 = l*p, 2*n + 2*n - 48 = -4*p. What are the prime factors of n?
2, 5
Let x(k) = 7*k + 0*k - 2*k + 1. Let b = 7 - 5. What are the prime factors of x(b)?
11
What are the prime factors of (-3)/((-252)/(-87) + -3)?
29
Let q be (8/(-6))/(6/(-9)). Suppose -q*b = 3*b - 40. Suppose -n + 14 = -o + 2*o, -b = -2*n + 2*o. List the prime factors of n.
3
Suppose z = -2*z + 816. Let j be z/9 - 2/9. Suppose -i - 6 = -5*b, -4*b - 6 = 4*i - j. List the prime factors of i.
2
Let n be 2 + 14 + 2 + 0. Suppose -5*i + 4*f = -n, 0*i - 4*f = -2*i. What are the prime factors of i?
2, 3
Suppose 3*p - 3*w - 243 = 0, 360 = 5*p - 4*w - 44. Suppose -5*y - 5*u + 0 = -p, -3*y - 5*u = -48. List the prime factors of y.
2
Suppose c - 2*c + 4 = 0. What are the prime factors of (1 + -3)/(c/(-18))?
3
Let f(j) = j**3 - 3*j**2 + 5*j - 3. Let u be f(4). Suppose -4*n = 2*v + 28, -v + 40 = -4*v - 5*n. What are the prime factors of (-4)/v + u/5?
7
Let c be (3/2)/(9/(-48)). Let r(m) = m**3 + 7*m**2 - 9*m + 2. What are the prime factors of r(c)?
2, 5
Suppose -350 = -2*j - s, 0 = 4*j - 5*s - 713 - 15. What are the prime factors of j?
3, 59
Let z(t) = -t**3 + 13*t**2 + 3*t - 19. Let g be z(13). Suppose 2*w - 4*l + 3 = w, -g = -5*l. What are the prime factors of w?
13
Suppose -2*c - 9*f + 4*f = 36, -5*f = 0. Let j = c + 25. List the prime factors of j.
7
List the prime factors of 5 + (-1 - (3 - 2)).
3
Let t be (-24)/(-10) + 18/(-45). Let i(y) = -6*y**2 - 3*y - 3. Let h be i(-2). What are the prime factors of h/(-6) + (-1)/t?
3
List the prime factors of 3 + -2*(-58)/4.
2
Let t(m) = -10 + 0*m**3 - 4*m**2 - 5*m**3 - 4*m + 6 + 0*m**2. What are the prime factors of t(-2)?
2, 7
Let b = 180 + -94. Suppose 3*t = -4*k + 58, -4*t + 0*k - k = -b. List the prime factors of t.
2, 11
Suppose -2*z - 567 = -11*z. What are the prime factors of z?
3, 7
Let v = 17 + -32. What are the prime factors of 2/5*v/(-1)?
2, 3
Let o = -3 + 6. Suppose 3*d = -2*a + 7, -a - 1 = d + o*a. What are the prime factors of d?
3
Let v be (3 - (-23)/(-4))*-20. Suppose q = -5*z + 64, -4*z + q + 2*q = -v. What are the prime factors of z?
13
Suppose 2*n = -3*n + 20. Suppose -n*y + 164 = 2*m - 6*m, -5*y + 217 = -2*m. What are the prime factors of y?
3, 5
Let j = -183 + 461. What are the prime factors of j?
2, 139
Let l be 22/99 + 16/9. What are the prime factors of l/10 + (-636)/(-20)?
2
Let c(v) = 1 - 2 - 3 - 4*v. What are the prime factors of c(-3)?
2
Suppose -2*g - 78 = -6*g + 5*h, -g - 4*h = -30. What are the prime factors of g?
2, 11
Let b(y) = y**3 - 12*y**2 - 21*y + 56. List the prime factors of b(14).
2, 7, 11
Let f(p) = -p + 13. Suppose 0 = -5*k + k + 20. Suppose -5*o + 0*n + 10 = -k*n, -5 = -n. List the prime factors of f(o).
2, 3
Let l be (1 - -1) + -2 - -1. Let f(y) = 6*y**2 + 1. What are the prime factors of f(l)?
7
Let d = 8 - 4. Suppose 56 = -4*n + o - d, -4 = o. List the prime factors of 58/8 + 4/n.
7
Let g(z) = -z**2. Let l be g(-4). What are the prime factors of (-2)/8 + (-116)/l?
7
Let l = 5 - -3. Let g = 25 - 8. Let p = g - l. List the prime factors of p.
3
Suppose l + n - 10 = 0, 3*l - 4 - 1 = 2*n. Suppose -k = -2*k + 5, -l*o + 20 = k. Let t(s) = s + 1. List the prime factors of t(o).
2
Suppose -q - 4*q = -70. Let b = -4 - 2. Let c = b + q. List the prime factors of c.
2
Suppose 3*t - 38 = 6*r - r, -t - r = -2. What are the prime factors of t?
2, 3
Suppose 3*g + 0*g + 3 = 0. Let m = g + 4. List the prime factors of m.
3
Suppose 0 = -k - 5 + 3. Let l be ((-5)/(-2) + k)*8. What are the prime factors of ((-14)/l)/((-1)/2)?
7
Suppose 2*l = 7*l + 70. What are the prime factors of 0 - 1 - 0 - l?
13
Let z(h) = 4*h - 36. List the prime factors of z(16).
2, 7
Suppose 4*s = 8*s - 220. Suppose -5*u + u - b = -s, 2*u = 4*b + 14. What are the prime factors of u?
13
Let x(j) = 18*j + 7. List the prime factors of x(8).
151
Let q be ((-12)/3)/(-4)*-17. Let j = q + 39. List the prime factors of j.
2, 11
Suppose -24*z + 82 = -1622. List the prime factors of z.
71
Let q(b) = b**2 + 8*b + 6. Let g be q(-7). Let h = g + 3. Suppose 2*k = -h*k + 76. List the prime factors of k.
19
What are the prime factors of 30/(-75) - (-904)/10?
2, 3, 5
Suppose 0 = -5*f + 5*t + 340, 3*f - t = -3*t + 214. What are the prime factors of f?
2, 5, 7
Let w be (-6)/(-15) + 8/(-20). Suppose -3*i + 75 = -w*i. What are the prime factors of i?
5
Suppose 0*d + 3*z + 312 = 4*d, 0 = -5*d - 3*z + 363. List the prime factors of d.
3, 5
Let f(d) = -23*d + 7. What are the prime factors of f(-3)?
2, 19
Suppose -4*m = 3*g - 61 - 84, 0 = -2*g - 4*m + 90. What are the prime factors of g?
5, 11
Let d = 403 - 243. What are the prime factors of d?
2, 5
Let m = 209 + -112. List the prime factors of m.
97
Let y be (5/((-10)/(-8)))/(-2). Let r be 9/(0 + (-3)/y). Suppose h + 15 = r*h. List the prime factors of h.
3
Let t(x) = -12*x - 10. Let p be t(8). List the prime factors of 6/18 - p/6.
2, 3
Suppose t = 22 + 14. What are the prime factors of t?
2, 3
Let u(p) = p**3 + 2*p**2 - 4*p - 1. Let c be u(-3). Let d be (2 + -2)/(c - 1). Suppose -12 + d = -4*m. List the prime factors of m.
3
Let g(z) = 4*z**2 - z - 4. Let p(a) = -3*a**2 + 3. Let f(r) = -2*g(r) - 3*p(r). Suppose i + i + 8 = 0. What are the prime factors of f(i)?
7
Suppose 3*m - 4*o = -0*m + 62, -m - 4*o = -10. What are the prime factors of m?
2, 3
Let l = 5 - -2. List the prime factors of l.
7
Suppose -5*l + 26 = 4*i, -3*l + i + 22 = 5*i. List the prime factors of l.
2
Let f(q) = -q - 1. Let y be f(-6). Suppose -5 = 3*i - 6*i + d, 0 = -i - y*d + 7. List the prime factors of i.
2
Let k be 0 - 3 - (-39 - -1). What are the prime factors of 15/k - (-372)/14?
3
Let r(w) be the second derivative of -w**5/20 + 11*w**4/12 + 13*w**3/6 + w**2/2 + w. List the prime factors of r(12).
13
Let i(y) = -3*y**2 + 5*y. Let t be i(-4). Let g = t + 96. List the prime factors of g.
2, 7
Let r be (2 - (-15)/(-9))*-9. Suppose 0 = -5*g + 3*n + 31, 0 = -3*g + g - n + 8. Let z = g + r. List the prime factors of z.
2
Let c = 16 + 6. Let w(f) = -2*f**2 - 12*f + 12. Let a be w(-6). List the prime factors of a/18 - c/(-3).
2
Let r(b) = -2*b**3 - 7*b**2 - 2*b + 1. What are the prime factors of r(-5)?
2, 43
Let f be 874/(-10) + (-6)/(-15). List the prime factors of (-2)/8 + f/(-12).
7
Let n = 826 - 304. Suppose 5*v - 107 + n = 0. What are the prime factors of v/(-9) - (-2)/(-9)?
3
Let y = -106 - -195. What are the prime factors of y?
89
Suppose -2*f + 14 = 2*q, 4*f - 3*q - 2*q = 1. Let x = 6 + f. Suppose -4*m + h = -7, 3*m = -0*h - 4*h + x. What are the prime factors of m?
2
Let s = 8 + -4. Suppose -s = -l - 0. Let h(z) = z + 1. What are the prime factors of h(l)?
5
Let h(c) = 15*c**2 + 7*c - 10. List the prime factors of h(4).
2, 3, 43
Suppose 2*d = -2*v + 128, -2*v - d + 129 = 2*d. Suppose -v = -b - 15. Suppose 4*f - b = 8. List the prime factors of f.
2, 7
Suppose 5*k + 3*c - 187 = -0*k, -3*k - 3*c = -117. List the prime factors of k.
5, 7
Let c(x) = 10*x + 1. Let v be c(1). Let u(q) = -q. Let n be u(0). Suppose 0 = -z - n*z + v. List the prime factors of z.
11
Suppose 4*i - 79 - 5 = -4*z, -3*i + 53 = -2*z. List the prime factors of i.
19
Suppose 12 = 5*r - 23. Suppose 41 + r = -2*u. List the prime factors of u/(-1 + -2) - 1.
7
Let h be 19 - -5 - -1*3. Let m = -17 + h. List the prime factors of m.
2, 5
Let k(g) = -2*g**2 + 8*g - 5. Let m be k(5). Let a be m/(1 - (-15)/(-6)). Suppose 0 = 3*v - 4*j - a, 2*v - 3*j + 55 = 6*v. List the prime factors of v.
2, 5
What are the prime factors of 29/(((-20)/(-150))/(4/6))?
5, 29
Suppose 5*x - 2*x - 54 = 0. List the prime factors of x.
2, 3
Suppose 5*b - 18 = 3*k, -3*b - 1 = 4*k - 6. Suppose b*p + 6 = g, -3*p = 4*g - 8*p + 4. Let h = -3 - g. What are the prime factors of h?
3
Suppose -5*v + 1003 + 117 = 0. List the prime factors of v.
2, 7
Let w(z) = z. Let h(x) = x - 2. Let u(f) = -h(f) - 2*w(f). List the prime factors of u(-5).
17
Suppose l - 3*l + 24 = -a, -2*l = 3*a - 40. Let w = 24 - l. List the prime factors of 30/(-5)*w/(-6).
2, 5
Suppose -k - 10 = -3*y + 3*k, 0 = -y - k - 6. Let